{"id":3204,"date":"2024-06-24T17:55:28","date_gmt":"2024-06-24T15:55:28","guid":{"rendered":"https:\/\/revhel-leads.fr\/?page_id=3204"},"modified":"2024-09-16T14:24:10","modified_gmt":"2024-09-16T12:24:10","slug":"ai-section","status":"publish","type":"page","link":"https:\/\/free-remontada.com\/index.php\/ai-section\/","title":{"rendered":"Ai section"},"content":{"rendered":"\t\t<div data-elementor-type=\"wp-page\" data-elementor-id=\"3204\" class=\"elementor elementor-3204\">\n\t\t\t\t\t\t<section class=\"elementor-section elementor-top-section elementor-element elementor-element-589d267 elementor-reverse-tablet elementor-reverse-mobile elementor-section-boxed elementor-section-height-default elementor-section-height-default\" data-id=\"589d267\" data-element_type=\"section\">\n\t\t\t\t\t\t<div class=\"elementor-container elementor-column-gap-default\">\n\t\t\t\t\t<div class=\"elementor-column elementor-col-50 elementor-top-column elementor-element elementor-element-6f6071a4 elementor-invisible\" data-id=\"6f6071a4\" data-element_type=\"column\" data-settings=\"{&quot;background_background&quot;:&quot;classic&quot;,&quot;animation&quot;:&quot;fadeInUp&quot;}\">\n\t\t\t<div class=\"elementor-widget-wrap elementor-element-populated\">\n\t\t\t\t\t\t<div class=\"elementor-element elementor-element-1b5aba0d elementor-invisible elementor-widget elementor-widget-heading\" data-id=\"1b5aba0d\" data-element_type=\"widget\" data-settings=\"{&quot;_animation&quot;:&quot;fadeInUp&quot;}\" data-widget_type=\"heading.default\">\n\t\t\t\t<div class=\"elementor-widget-container\">\n\t\t\t<h2 class=\"elementor-heading-title elementor-size-default\">Jonas, votre assistant IA<\/h2>\t\t<\/div>\n\t\t\t\t<\/div>\n\t\t\t\t<div class=\"elementor-element elementor-element-7beff826 elementor-invisible elementor-widget elementor-widget-heading\" data-id=\"7beff826\" data-element_type=\"widget\" data-settings=\"{&quot;_animation&quot;:&quot;fadeInUp&quot;}\" data-widget_type=\"heading.default\">\n\t\t\t\t<div class=\"elementor-widget-container\">\n\t\t\t<h3 class=\"elementor-heading-title elementor-size-default\">L'expert invisible qui r\u00e9volutionne vos interactions<\/h3>\t\t<\/div>\n\t\t\t\t<\/div>\n\t\t\t\t<div class=\"elementor-element elementor-element-48c59ca8 elementor-invisible elementor-widget elementor-widget-text-editor\" data-id=\"48c59ca8\" data-element_type=\"widget\" data-settings=\"{&quot;_animation&quot;:&quot;fadeInUp&quot;}\" data-widget_type=\"text-editor.default\">\n\t\t\t\t<div class=\"elementor-widget-container\">\n\t\t\t\t\t\t\t<p>D\u00e9couvrez Jonas, votre assistant personnel IA. Discret mais ultra-performant, il r\u00e9sout les probl\u00e8mes, r\u00e9pond aux questions et g\u00e8re vos clients avec une pr\u00e9cision quasi humaine \u2013 sauf qu&rsquo;il ne dort jamais.<\/p>\t\t\t\t\t\t<\/div>\n\t\t\t\t<\/div>\n\t\t\t\t\t<\/div>\n\t\t<\/div>\n\t\t\t\t<div class=\"elementor-column elementor-col-50 elementor-top-column elementor-element elementor-element-dc0709e\" data-id=\"dc0709e\" data-element_type=\"column\">\n\t\t\t<div class=\"elementor-widget-wrap elementor-element-populated\">\n\t\t\t\t\t\t<section class=\"elementor-section elementor-inner-section elementor-element elementor-element-248f4af9 elementor-section-boxed elementor-section-height-default elementor-section-height-default\" data-id=\"248f4af9\" data-element_type=\"section\">\n\t\t\t\t\t\t<div class=\"elementor-container elementor-column-gap-default\">\n\t\t\t\t\t<div class=\"elementor-column elementor-col-50 elementor-inner-column elementor-element elementor-element-18a79771 elementor-invisible\" data-id=\"18a79771\" data-element_type=\"column\" data-settings=\"{&quot;animation&quot;:&quot;fadeInUp&quot;}\">\n\t\t\t<div class=\"elementor-widget-wrap elementor-element-populated\">\n\t\t\t\t\t\t<div class=\"elementor-element elementor-element-77204217 elementor-widget elementor-widget-image\" data-id=\"77204217\" data-element_type=\"widget\" data-widget_type=\"image.default\">\n\t\t\t\t<div class=\"elementor-widget-container\">\n\t\t\t\t\t\t\t\t\t\t\t\t\t<img fetchpriority=\"high\" decoding=\"async\" width=\"640\" height=\"512\" src=\"https:\/\/free-remontada.com\/wp-content\/uploads\/2024\/06\/ai-generated-face-of-young-businessman-in-formalwe-2022-09-29-17-44-01-utc-copy-800x640-1.jpg\" class=\"attachment-large size-large wp-image-3246\" alt=\"\" srcset=\"https:\/\/free-remontada.com\/wp-content\/uploads\/2024\/06\/ai-generated-face-of-young-businessman-in-formalwe-2022-09-29-17-44-01-utc-copy-800x640-1.jpg 800w, https:\/\/free-remontada.com\/wp-content\/uploads\/2024\/06\/ai-generated-face-of-young-businessman-in-formalwe-2022-09-29-17-44-01-utc-copy-800x640-1-300x240.jpg 300w, https:\/\/free-remontada.com\/wp-content\/uploads\/2024\/06\/ai-generated-face-of-young-businessman-in-formalwe-2022-09-29-17-44-01-utc-copy-800x640-1-768x614.jpg 768w\" sizes=\"(max-width: 640px) 100vw, 640px\" \/>\t\t\t\t\t\t\t\t\t\t\t\t\t<\/div>\n\t\t\t\t<\/div>\n\t\t\t\t\t<\/div>\n\t\t<\/div>\n\t\t\t\t<div class=\"elementor-column elementor-col-50 elementor-inner-column elementor-element elementor-element-5941c21b elementor-invisible\" data-id=\"5941c21b\" data-element_type=\"column\" data-settings=\"{&quot;animation&quot;:&quot;fadeInUp&quot;,&quot;animation_delay&quot;:200}\">\n\t\t\t<div class=\"elementor-widget-wrap\">\n\t\t\t\t\t\t\t<\/div>\n\t\t<\/div>\n\t\t\t\t\t<\/div>\n\t\t<\/section>\n\t\t\t\t<section class=\"elementor-section elementor-inner-section elementor-element elementor-element-67bb61a0 elementor-section-boxed elementor-section-height-default elementor-section-height-default\" data-id=\"67bb61a0\" data-element_type=\"section\">\n\t\t\t\t\t\t<div class=\"elementor-container elementor-column-gap-default\">\n\t\t\t\t\t<div class=\"elementor-column elementor-col-100 elementor-inner-column elementor-element elementor-element-19f16ef8 elementor-invisible\" data-id=\"19f16ef8\" data-element_type=\"column\" data-settings=\"{&quot;animation&quot;:&quot;fadeInUp&quot;,&quot;animation_delay&quot;:400}\">\n\t\t\t<div class=\"elementor-widget-wrap elementor-element-populated\">\n\t\t\t\t\t\t<div class=\"elementor-element elementor-element-2f3b2672 elementor-widget elementor-widget-image\" data-id=\"2f3b2672\" data-element_type=\"widget\" data-widget_type=\"image.default\">\n\t\t\t\t<div class=\"elementor-widget-container\">\n\t\t\t\t\t\t\t\t\t\t\t\t\t<img decoding=\"async\" width=\"640\" height=\"322\" src=\"https:\/\/free-remontada.com\/wp-content\/uploads\/2024\/06\/Chat-AI-Mobile-App3-copy-800x403-1.jpg\" class=\"attachment-large size-large wp-image-3244\" alt=\"\" srcset=\"https:\/\/free-remontada.com\/wp-content\/uploads\/2024\/06\/Chat-AI-Mobile-App3-copy-800x403-1.jpg 800w, https:\/\/free-remontada.com\/wp-content\/uploads\/2024\/06\/Chat-AI-Mobile-App3-copy-800x403-1-300x151.jpg 300w, https:\/\/free-remontada.com\/wp-content\/uploads\/2024\/06\/Chat-AI-Mobile-App3-copy-800x403-1-768x387.jpg 768w\" sizes=\"(max-width: 640px) 100vw, 640px\" \/>\t\t\t\t\t\t\t\t\t\t\t\t\t<\/div>\n\t\t\t\t<\/div>\n\t\t\t\t\t<\/div>\n\t\t<\/div>\n\t\t\t\t\t<\/div>\n\t\t<\/section>\n\t\t\t\t\t<\/div>\n\t\t<\/div>\n\t\t\t\t\t<\/div>\n\t\t<\/section>\n\t\t\t\t<section class=\"elementor-section elementor-top-section elementor-element elementor-element-1d1cce9c elementor-section-boxed elementor-section-height-default elementor-section-height-default\" data-id=\"1d1cce9c\" data-element_type=\"section\" data-settings=\"{&quot;background_background&quot;:&quot;classic&quot;}\">\n\t\t\t\t\t\t\t<div class=\"elementor-background-overlay\"><\/div>\n\t\t\t\t\t\t\t<div class=\"elementor-container elementor-column-gap-default\">\n\t\t\t\t\t<div class=\"elementor-column elementor-col-100 elementor-top-column elementor-element elementor-element-1cae3fee\" data-id=\"1cae3fee\" data-element_type=\"column\" data-settings=\"{&quot;background_background&quot;:&quot;classic&quot;}\">\n\t\t\t<div class=\"elementor-widget-wrap elementor-element-populated\">\n\t\t\t\t\t<div class=\"elementor-background-overlay\"><\/div>\n\t\t\t\t\t\t<section class=\"elementor-section elementor-inner-section elementor-element elementor-element-18ed485b elementor-section-boxed elementor-section-height-default elementor-section-height-default\" data-id=\"18ed485b\" data-element_type=\"section\">\n\t\t\t\t\t\t<div class=\"elementor-container elementor-column-gap-default\">\n\t\t\t\t\t<div class=\"elementor-column elementor-col-33 elementor-inner-column elementor-element elementor-element-64a33f6\" data-id=\"64a33f6\" data-element_type=\"column\">\n\t\t\t<div class=\"elementor-widget-wrap elementor-element-populated\">\n\t\t\t\t\t\t<div class=\"elementor-element elementor-element-67cbc8af elementor-invisible elementor-widget elementor-widget-heading\" data-id=\"67cbc8af\" data-element_type=\"widget\" data-settings=\"{&quot;_animation&quot;:&quot;fadeInUp&quot;}\" data-widget_type=\"heading.default\">\n\t\t\t\t<div class=\"elementor-widget-container\">\n\t\t\t<h3 class=\"elementor-heading-title elementor-size-default\">Lui, c'est Jonas, votre nouvel employ\u00e9 IA<\/h3>\t\t<\/div>\n\t\t\t\t<\/div>\n\t\t\t\t\t<\/div>\n\t\t<\/div>\n\t\t\t\t<div class=\"elementor-column elementor-col-66 elementor-inner-column elementor-element elementor-element-62ec0f2b elementor-invisible\" data-id=\"62ec0f2b\" data-element_type=\"column\" data-settings=\"{&quot;background_background&quot;:&quot;classic&quot;,&quot;animation&quot;:&quot;fadeInUp&quot;}\">\n\t\t\t<div class=\"elementor-widget-wrap elementor-element-populated\">\n\t\t\t\t\t\t<div class=\"elementor-element elementor-element-ca5d204 elementor-widget elementor-widget-image\" data-id=\"ca5d204\" data-element_type=\"widget\" data-widget_type=\"image.default\">\n\t\t\t\t<div class=\"elementor-widget-container\">\n\t\t\t\t\t\t\t\t\t\t\t\t\t<img fetchpriority=\"high\" decoding=\"async\" width=\"640\" height=\"512\" src=\"https:\/\/free-remontada.com\/wp-content\/uploads\/2024\/06\/ai-generated-face-of-young-businessman-in-formalwe-2022-09-29-17-44-01-utc-copy-800x640-1.jpg\" class=\"attachment-large size-large wp-image-3246\" alt=\"\" srcset=\"https:\/\/free-remontada.com\/wp-content\/uploads\/2024\/06\/ai-generated-face-of-young-businessman-in-formalwe-2022-09-29-17-44-01-utc-copy-800x640-1.jpg 800w, https:\/\/free-remontada.com\/wp-content\/uploads\/2024\/06\/ai-generated-face-of-young-businessman-in-formalwe-2022-09-29-17-44-01-utc-copy-800x640-1-300x240.jpg 300w, https:\/\/free-remontada.com\/wp-content\/uploads\/2024\/06\/ai-generated-face-of-young-businessman-in-formalwe-2022-09-29-17-44-01-utc-copy-800x640-1-768x614.jpg 768w\" sizes=\"(max-width: 640px) 100vw, 640px\" \/>\t\t\t\t\t\t\t\t\t\t\t\t\t<\/div>\n\t\t\t\t<\/div>\n\t\t\t\t<div class=\"elementor-element elementor-element-306ab15a elementor-widget elementor-widget-text-editor\" data-id=\"306ab15a\" data-element_type=\"widget\" data-widget_type=\"text-editor.default\">\n\t\t\t\t<div class=\"elementor-widget-container\">\n\t\t\t\t\t\t\t<p><em>L\u2019histoire commence un lundi matin<\/em>. Eve, l\u2019une de vos clientes fid\u00e8les, appelle avec un probl\u00e8me complexe. En un instant, <strong>Jonas<\/strong> d\u00e9croche. Il \u00e9coute attentivement, analyse la situation, puis plonge dans ses bases de donn\u00e9es pour trouver la solution id\u00e9ale. En quelques minutes, le probl\u00e8me d\u2019Eve est r\u00e9solu. Ce qu\u2019elle ignore, c\u2019est que Jonas n\u2019a jamais bu un caf\u00e9 de sa vie. Jonas, c\u2019est votre <strong>assistant personnel IA<\/strong>.<\/p><h4><strong>Ce qu&rsquo;il peut faire pour vous :<\/strong><\/h4><ul><li><p><strong>Service client IA :<\/strong><br \/>Jonas ne se contente pas de r\u00e9pondre aux questions, il le fait avec une finesse \u00e9tonnante. Chaque appel ou message est pris en charge avec la rapidit\u00e9 d&rsquo;une machine, mais la chaleur d&rsquo;une conversation humaine. Il traite les demandes, r\u00e9sout les probl\u00e8mes et personnalise chaque interaction pour que vos clients aient l&rsquo;impression de discuter avec un expert de confiance.<\/p><\/li><li><p><strong>Chatbot IA intelligent :<\/strong><br \/>Que ce soit sur votre site web ou via vos applications, Jonas initie les conversations et guide vos visiteurs sans jamais perdre le fil. Il n\u2019a pas besoin de pause caf\u00e9. Il est toujours \u00e0 l\u2019\u00e9coute, et plus il discute, plus il devient intelligent. Jonas est le compagnon parfait pour engager vos clients, r\u00e9pondre \u00e0 leurs besoins et les fid\u00e9liser.<\/p><\/li><li><p><strong>Int\u00e9gration de l&rsquo;IA dans vos applications :<\/strong><br \/>Jonas n&rsquo;est pas un simple robot, c&rsquo;est une IA qui sait s\u2019int\u00e9grer parfaitement \u00e0 vos outils et applications. CRM, plateforme de vente en ligne, ou application mobile, Jonas est l\u00e0, invisible mais omnipr\u00e9sent. Il agit en coulisse, optimisant chaque \u00e9tape du parcours client, comme s\u2019il \u00e9tait membre de votre \u00e9quipe.<\/p><\/li><\/ul>\t\t\t\t\t\t<\/div>\n\t\t\t\t<\/div>\n\t\t\t\t\t<\/div>\n\t\t<\/div>\n\t\t\t\t\t<\/div>\n\t\t<\/section>\n\t\t\t\t\t<\/div>\n\t\t<\/div>\n\t\t\t\t\t<\/div>\n\t\t<\/section>\n\t\t\t\t<section class=\"elementor-section elementor-top-section elementor-element elementor-element-ce1190e elementor-section-boxed elementor-section-height-default elementor-section-height-default\" data-id=\"ce1190e\" data-element_type=\"section\" data-settings=\"{&quot;background_background&quot;:&quot;classic&quot;}\">\n\t\t\t\t\t\t\t<div class=\"elementor-background-overlay\"><\/div>\n\t\t\t\t\t\t\t<div class=\"elementor-container elementor-column-gap-default\">\n\t\t\t\t\t<div class=\"elementor-column elementor-col-100 elementor-top-column elementor-element elementor-element-95e9bcf\" data-id=\"95e9bcf\" data-element_type=\"column\" data-settings=\"{&quot;background_background&quot;:&quot;classic&quot;}\">\n\t\t\t<div class=\"elementor-widget-wrap elementor-element-populated\">\n\t\t\t\t\t<div class=\"elementor-background-overlay\"><\/div>\n\t\t\t\t\t\t<section class=\"elementor-section elementor-inner-section elementor-element elementor-element-c6b4af3 elementor-section-boxed elementor-section-height-default elementor-section-height-default\" data-id=\"c6b4af3\" data-element_type=\"section\">\n\t\t\t\t\t\t<div class=\"elementor-container elementor-column-gap-default\">\n\t\t\t\t\t<div class=\"elementor-column elementor-col-33 elementor-inner-column elementor-element elementor-element-6937b07\" data-id=\"6937b07\" data-element_type=\"column\">\n\t\t\t<div class=\"elementor-widget-wrap elementor-element-populated\">\n\t\t\t\t\t\t<div class=\"elementor-element elementor-element-3803ff2 elementor-invisible elementor-widget elementor-widget-heading\" data-id=\"3803ff2\" data-element_type=\"widget\" data-settings=\"{&quot;_animation&quot;:&quot;fadeInUp&quot;}\" data-widget_type=\"heading.default\">\n\t\t\t\t<div class=\"elementor-widget-container\">\n\t\t\t<h3 class=\"elementor-heading-title elementor-size-default\">Lui, c\u2019est Jonas.<\/h3>\t\t<\/div>\n\t\t\t\t<\/div>\n\t\t\t\t\t<\/div>\n\t\t<\/div>\n\t\t\t\t<div class=\"elementor-column elementor-col-66 elementor-inner-column elementor-element elementor-element-717e164 elementor-invisible\" data-id=\"717e164\" data-element_type=\"column\" data-settings=\"{&quot;background_background&quot;:&quot;classic&quot;,&quot;animation&quot;:&quot;fadeInUp&quot;}\">\n\t\t\t<div class=\"elementor-widget-wrap elementor-element-populated\">\n\t\t\t\t\t\t<div class=\"elementor-element elementor-element-7494ba7 elementor-widget elementor-widget-image\" data-id=\"7494ba7\" data-element_type=\"widget\" data-widget_type=\"image.default\">\n\t\t\t\t<div class=\"elementor-widget-container\">\n\t\t\t\t\t\t\t\t\t\t\t\t\t<img fetchpriority=\"high\" decoding=\"async\" width=\"640\" height=\"512\" src=\"https:\/\/free-remontada.com\/wp-content\/uploads\/2024\/06\/ai-generated-face-of-young-businessman-in-formalwe-2022-09-29-17-44-01-utc-copy-800x640-1.jpg\" class=\"attachment-large size-large wp-image-3246\" alt=\"\" srcset=\"https:\/\/free-remontada.com\/wp-content\/uploads\/2024\/06\/ai-generated-face-of-young-businessman-in-formalwe-2022-09-29-17-44-01-utc-copy-800x640-1.jpg 800w, https:\/\/free-remontada.com\/wp-content\/uploads\/2024\/06\/ai-generated-face-of-young-businessman-in-formalwe-2022-09-29-17-44-01-utc-copy-800x640-1-300x240.jpg 300w, https:\/\/free-remontada.com\/wp-content\/uploads\/2024\/06\/ai-generated-face-of-young-businessman-in-formalwe-2022-09-29-17-44-01-utc-copy-800x640-1-768x614.jpg 768w\" sizes=\"(max-width: 640px) 100vw, 640px\" \/>\t\t\t\t\t\t\t\t\t\t\t\t\t<\/div>\n\t\t\t\t<\/div>\n\t\t\t\t<div class=\"elementor-element elementor-element-2e4cadd elementor-widget elementor-widget-text-editor\" data-id=\"2e4cadd\" data-element_type=\"widget\" data-widget_type=\"text-editor.default\">\n\t\t\t\t<div class=\"elementor-widget-container\">\n\t\t\t\t\t\t\t<p>Chaque jour, il parle \u00e0 des dizaines de vos clients, il comprend leurs besoins, il r\u00e9sout leurs probl\u00e8mes. Pourtant, aucun d\u2019eux ne sait qu&rsquo;il est une IA. Jonas n\u2019oublie jamais, ne fatigue jamais, et reste toujours \u00e0 votre service, 24h\/24, 7j\/7.<\/p><p>Dans un monde o\u00f9 la rapidit\u00e9 et l&rsquo;efficacit\u00e9 sont essentielles, <strong>Jonas<\/strong> est l\u2019alli\u00e9 incontournable pour faire passer votre relation client \u00e0 la vitesse de l\u2019IA. Laissez Jonas g\u00e9rer, pendant que vous vous concentrez sur l&rsquo;essentiel.<\/p>\t\t\t\t\t\t<\/div>\n\t\t\t\t<\/div>\n\t\t\t\t\t<\/div>\n\t\t<\/div>\n\t\t\t\t\t<\/div>\n\t\t<\/section>\n\t\t\t\t\t<\/div>\n\t\t<\/div>\n\t\t\t\t\t<\/div>\n\t\t<\/section>\n\t\t<div class=\"elementor-element elementor-element-1f35b04a e-con-full e-flex e-con e-parent\" data-id=\"1f35b04a\" data-element_type=\"container\">\n\t\t\t\t<div class=\"elementor-element elementor-element-12d36932 elementor-widget elementor-widget-contact_form\" data-id=\"12d36932\" data-element_type=\"widget\" data-widget_type=\"contact_form.default\">\n\t\t\t\t<div class=\"elementor-widget-container\">\n\t\t\t<section class=\"request-section bg-grey pt-120\">\r\n    <div class=\"bg-color\"><\/div>\r\n    <div class=\"container\">\r\n        <div class=\"row\">\r\n            <div class=\"col-lg-6\">\r\n                <div class=\"request-content wow fade-in-left\" data-wow-delay=\"400ms\">\r\n                                        <div class=\"shape\">\r\n                        <img decoding=\"async\" src=\"https:\/\/free-remontada.com\/wp-content\/themes\/optiboom\/assets\/img\/shapes\/request-shape.png\" alt=\"shape\"><\/div>\r\n                                        <div class=\"section-heading heading-2\">\r\n                        <h4 class=\"sub-heading\"> Contactez-nous<\/h4>\r\n                        <h2 class=\"section-title\">D\u00e9marquez-vous des autres acteurs qui utilisent le <span>digital<\/span><\/h2>                        <p>Qu'est-ce que vous pouvez attendre de nous ?<\/p>\r\n                    <\/div>\r\n                    <div class=\"request-form\">\r\n                                                \n<div class=\"wpcf7 no-js\" id=\"wpcf7-f3342-o1\" lang=\"en-US\" dir=\"ltr\">\n<div class=\"screen-reader-response\"><p role=\"status\" aria-live=\"polite\" aria-atomic=\"true\"><\/p> <ul><\/ul><\/div>\n<form action=\"\/index.php\/wp-json\/wp\/v2\/pages\/3204#wpcf7-f3342-o1\" method=\"post\" class=\"wpcf7-form init\" aria-label=\"Contact form\" novalidate=\"novalidate\" data-status=\"init\">\n<div style=\"display: none;\">\n<input type=\"hidden\" name=\"_wpcf7\" value=\"3342\" \/>\n<input type=\"hidden\" name=\"_wpcf7_version\" value=\"5.9.8\" \/>\n<input type=\"hidden\" name=\"_wpcf7_locale\" value=\"en_US\" \/>\n<input type=\"hidden\" name=\"_wpcf7_unit_tag\" value=\"wpcf7-f3342-o1\" \/>\n<input type=\"hidden\" name=\"_wpcf7_container_post\" value=\"0\" \/>\n<input type=\"hidden\" name=\"_wpcf7_posted_data_hash\" value=\"\" \/>\n<\/div>\n<div id=\"ajax_contact\" class=\"form-horizontal\">\n    <div class=\"form-group row\">\n        <div class=\"col-md-6\">\n            <span class=\"wpcf7-form-control-wrap\" data-name=\"fullname\"><input size=\"40\" maxlength=\"400\" class=\"wpcf7-form-control wpcf7-text wpcf7-validates-as-required form-control\" aria-required=\"true\" aria-invalid=\"false\" placeholder=\"Votre nom\" value=\"\" type=\"text\" name=\"fullname\" \/><\/span>\n        <\/div>\n        <div class=\"col-md-6\">\n            <span class=\"wpcf7-form-control-wrap\" data-name=\"your-email\"><input size=\"40\" maxlength=\"400\" class=\"wpcf7-form-control wpcf7-email wpcf7-validates-as-required wpcf7-text wpcf7-validates-as-email form-control\" aria-required=\"true\" aria-invalid=\"false\" placeholder=\"Votre e-mail\" value=\"\" type=\"email\" name=\"your-email\" \/><\/span>\n        <\/div>\n    <\/div>\n    <div class=\"form-group row\">\n        <div class=\"col-md-6\">\n            <span class=\"wpcf7-form-control-wrap\" data-name=\"phone\"><input size=\"40\" maxlength=\"400\" class=\"wpcf7-form-control wpcf7-text wpcf7-validates-as-required form-control\" aria-required=\"true\" aria-invalid=\"false\" placeholder=\"T\u00e9l\u00e9phone\" value=\"\" type=\"text\" name=\"phone\" \/><\/span>\n        <\/div>\n        <div class=\"col-md-6\">\n            <!-- Suppression du champ de s\u00e9lection \"Sort by popular\" -->\n        <\/div>\n    <\/div>\n    <div class=\"form-group row\">\n        <div class=\"col-md-12\">\n            <span class=\"wpcf7-form-control-wrap\" data-name=\"message\"><textarea cols=\"40\" rows=\"10\" maxlength=\"2000\" class=\"wpcf7-form-control wpcf7-textarea wpcf7-validates-as-required form-control\" aria-required=\"true\" aria-invalid=\"false\" placeholder=\"Votre message\" name=\"message\"><\/textarea><\/span>\n        <\/div>\n    <\/div>\n    <div class=\"submit-btn text-center\">\n        <input class=\"wpcf7-form-control wpcf7-submit has-spinner pb-primary-btn\" type=\"submit\" value=\"Envoyer un message\" \/>\n    <\/div>\n<\/div>\n\n<style>\n\/* Styles pour le bouton et les champs du formulaire *\/\n.pb-primary-btn {\n    background-color: #f0932b !important; \/* Couleur de fond visible *\/\n    color: #ffffff !important; \/* Couleur du texte contrast\u00e9e *\/\n    padding: 10px 20px; \/* Espacement interne *\/\n    border-radius: 5px; \/* Coins arrondis *\/\n    border: none; \/* Retirer les bordures *\/\n    font-size: 16px;\n    cursor: pointer;\n    transition: background-color 0.3s ease;\n}\n\n\/* Changement de couleur au survol du bouton *\/\n.pb-primary-btn:hover {\n    background-color: #d9801f !important;\n}\n\n\/* Assurer que le bouton est visible sur mobile *\/\n@media (max-width: 768px) {\n    .pb-primary-btn {\n        display: inline-block !important;\n        width: 100%; \/* Prendre toute la largeur *\/\n        background-color: #f0932b !important;\n    }\n}\n\n\/* Assurer que les champs du formulaire sont visibles correctement *\/\n.form-control {\n    background-color: #fff;\n    border: 1px solid #ccc;\n    padding: 10px;\n    font-size: 14px;\n    border-radius: 4px;\n    box-shadow: none;\n}\n\n.form-control:focus {\n    border-color: #f0932b; \/* Couleur de focus *\/\n    box-shadow: 0 0 5px rgba(240, 147, 43, 0.5);\n}\n\n<\/style><div class=\"wpcf7-response-output\" aria-hidden=\"true\"><\/div>\n<\/form>\n<\/div>\n\r\n                                            <\/div>\r\n                <\/div>\r\n            <\/div>\r\n            <div class=\"col-lg-6\">\r\n                                <div class=\"request-img text-center wow fade-in-right\" data-wow-delay=\"300ms\">\r\n                    <img decoding=\"async\" src=\"https:\/\/free-remontada.com\/wp-content\/uploads\/2024\/06\/skill-img-1.png\" alt=\"\" \/>\r\n                <\/div>\r\n                            <\/div>\r\n        <\/div>\r\n    <\/div>\r\n<\/section>\r\n<!--contact-us-start-->\r\n\r\n\r\n\r\n\t\t<\/div>\n\t\t\t\t<\/div>\n\t\t\t\t<\/div>\n\t\t\t\t<\/div>\n\t\t","protected":false},"excerpt":{"rendered":"<p>Jonas, votre assistant IA L&rsquo;expert invisible qui r\u00e9volutionne vos interactions D\u00e9couvrez Jonas, votre assistant personnel IA. Discret mais ultra-performant, il r\u00e9sout les probl\u00e8mes, r\u00e9pond aux questions et g\u00e8re vos clients avec une pr\u00e9cision quasi humaine \u2013 sauf qu&rsquo;il ne dort jamais. Lui, c&rsquo;est Jonas, votre nouvel employ\u00e9 IA L\u2019histoire commence un lundi matin. Eve, l\u2019une [&hellip;]<\/p>\n","protected":false},"author":1,"featured_media":0,"parent":0,"menu_order":0,"comment_status":"closed","ping_status":"closed","template":"","meta":{"_acf_changed":false,"footnotes":""},"class_list":["post-3204","page","type-page","status-publish","hentry"],"acf":[],"_links":{"self":[{"href":"https:\/\/free-remontada.com\/index.php\/wp-json\/wp\/v2\/pages\/3204","targetHints":{"allow":["GET"]}}],"collection":[{"href":"https:\/\/free-remontada.com\/index.php\/wp-json\/wp\/v2\/pages"}],"about":[{"href":"https:\/\/free-remontada.com\/index.php\/wp-json\/wp\/v2\/types\/page"}],"author":[{"embeddable":true,"href":"https:\/\/free-remontada.com\/index.php\/wp-json\/wp\/v2\/users\/1"}],"replies":[{"embeddable":true,"href":"https:\/\/free-remontada.com\/index.php\/wp-json\/wp\/v2\/comments?post=3204"}],"version-history":[{"count":18,"href":"https:\/\/free-remontada.com\/index.php\/wp-json\/wp\/v2\/pages\/3204\/revisions"}],"predecessor-version":[{"id":4017,"href":"https:\/\/free-remontada.com\/index.php\/wp-json\/wp\/v2\/pages\/3204\/revisions\/4017"}],"wp:attachment":[{"href":"https:\/\/free-remontada.com\/index.php\/wp-json\/wp\/v2\/media?parent=3204"}],"curies":[{"name":"wp","href":"https:\/\/api.w.org\/{rel}","templated":true}]}}